{"id":317,"date":"2022-09-09T17:36:04","date_gmt":"2022-09-09T17:36:04","guid":{"rendered":"http:\/\/localhost\/prueba\/?page_id=317"},"modified":"2022-09-12T17:02:36","modified_gmt":"2022-09-12T17:02:36","slug":"deportes","status":"publish","type":"page","link":"https:\/\/www.radioguantanamo.icrt.cu\/english\/deportes\/","title":{"rendered":"Deportes"},"content":{"rendered":"<h4 class=\"mt-2 mb-1 t-media-title\"><span style=\"color: #339966;\">Contin\u00faa entrenamiento de nadadora guantanamera en Tailandia<img loading=\"lazy\" decoding=\"async\" class=\" wp-image-840 alignright\" src=\"https:\/\/www.radioguantanamo.icrt.cu\/wp-content\/uploads\/2022\/09\/0807-Elisbet-Gamez-300x200.jpg\" alt=\"\" width=\"401\" height=\"267\" srcset=\"https:\/\/www.radioguantanamo.icrt.cu\/english\/wp-content\/uploads\/2022\/09\/0807-Elisbet-Gamez-300x200.jpg 300w, https:\/\/www.radioguantanamo.icrt.cu\/english\/wp-content\/uploads\/2022\/09\/0807-Elisbet-Gamez.jpg 580w\" sizes=\"auto, (max-width: 401px) 100vw, 401px\" \/><\/span><\/h4>\n<p>Sports Health Resort es un centro deportivo de alto nivel situado en la ciudad de Phuket en Thanyapura, Thailandia, donde gracias al respaldo a los talentos, la Federaci\u00f3n Internacional de Nataci\u00f3n (FINA), le concede una beca por seis meses a la nadadora cubana Elisbeth G\u00e1mez Matos.<\/p>\n<p>La joven de 25 a\u00f1os de edad, nativa del municipio guantanamero de Baracoa confirma lo bien que se siente por las comunidades con que cuenta, el confort, piscina de 25 metros de elevada calidad y un gimnasio con equipamientos de tecnolog\u00eda de primer nivel.<\/p>\n<p>Desde Radio Guant\u00e1namo logramos comunicaci\u00f3n con la mejor nadadora de Cuba en estos momentos.<\/p>\n<div style=\"width: 100%; height: 0; position: relative; padding-bottom: 56.24929688378895%;\"><iframe style=\"position: absolute; top: 0; left: 0; width: 100%; height: 100%; border: 0;\" src=\"https:\/\/teveo.cu\/media\/6ZGNEhJ6jTm4Tz79\/embed\" allowfullscreen=\"allowfullscreen\"><\/iframe><\/div>\n<div><\/div>\n<h4 class=\"mt-2 mb-1 t-media-title\"><span style=\"color: #339966;\">Don Pedro Revilla guantanamero brilla en Jap\u00f3n<img loading=\"lazy\" decoding=\"async\" class=\"wp-image-622 alignleft\" src=\"https:\/\/www.radioguantanamo.icrt.cu\/wp-content\/uploads\/2022\/08\/295826467_886965952693712_5584952217101871808_n-300x209.jpg\" alt=\"\" width=\"400\" height=\"279\" srcset=\"https:\/\/www.radioguantanamo.icrt.cu\/english\/wp-content\/uploads\/2022\/08\/295826467_886965952693712_5584952217101871808_n-300x209.jpg 300w, https:\/\/www.radioguantanamo.icrt.cu\/english\/wp-content\/uploads\/2022\/08\/295826467_886965952693712_5584952217101871808_n.jpg 539w\" sizes=\"auto, (max-width: 400px) 100vw, 400px\" \/><\/span><\/h4>\n<p>Las comparaciones son dif\u00edciles y m\u00e1s si se trata de sluguer, no pretendo hacer semejanza del guantanamero Pedro Pablo Revilla Leyva desde su debut en la Liga Mayor de B\u00e9isbol en Jap\u00f3n con el equipo los Dragones de Chunichi.<\/p>\n<p>Revilla es un guajiro natural, con el acento de campo, ese joven de 24 a\u00f1os que vive Costa Rica en el municipio guantanamero de El Salvador, en un peque\u00f1o poblado que no llega a los 6 mil habitantes.<\/p>\n<p>Llega a Nagoya, la cuarta ciudad m\u00e1s grande de Jap\u00f3n con 2 millones 296 mil habitantes, con una superficie de 326 kil\u00f3metros cuadrados y desde ya comienza a escribir una nueva p\u00e1gina en su historial beisbolero. Muchos \u00e9xitos le deseamos desde Radio Guant\u00e1namo.<\/p>\n<p>Los Dragones de Chunichi se enfrentar\u00e1n este martes a Yakult, a partir de las 6.00 de la tarde hora de Jap\u00f3n, en el estadio Meiji Jingu\u00a0 en la Liga Central del B\u00e9isbol Profesional de Jap\u00f3n, donde esperamos atentos los cubanos y en particular los que residen en la provincia de Guant\u00e1namo en espera de que vuelve a participar Pedro Pablo Revilla y que su actuaci\u00f3n sea por todo lo alto.<\/p>\n<p>Meiji Jingu, \u00a0\u00a0<a href=\"https:\/\/en-m-wikipedia-org.translate.goog\/wiki\/Baseball_stadium?_x_tr_sl=en&amp;_x_tr_tl=es&amp;_x_tr_hl=es&amp;_x_tr_pto=sc\">estadio de b\u00e9isbol<\/a> en <a href=\"https:\/\/en-m-wikipedia-org.translate.goog\/wiki\/Shinjuku?_x_tr_sl=en&amp;_x_tr_tl=es&amp;_x_tr_hl=es&amp;_x_tr_pto=sc\">Shinjuku<\/a> , <a href=\"https:\/\/en-m-wikipedia-org.translate.goog\/wiki\/Tokyo?_x_tr_sl=en&amp;_x_tr_tl=es&amp;_x_tr_hl=es&amp;_x_tr_pto=sc\">Tokio<\/a> , Jap\u00f3n. Se inaugur\u00f3 en 1926 y tiene capacidad para 37.933 espectadores<\/p>\n<p>A continuaci\u00f3n presentamos declaraciones exclusivas del l\u00edder jonronero de la 61 Serie Nacional de B\u00e9isbol.<\/p>\n<div style=\"width: 100%; height: 0; position: relative; padding-bottom: 56.24929688378895%;\"><iframe style=\"position: absolute; top: 0; left: 0; width: 100%; height: 100%; border: 0;\" src=\"https:\/\/teveo.cu\/media\/ratvX45tS8vQUnPz\/embed\" allowfullscreen=\"allowfullscreen\"><\/iframe><\/div>\n","protected":false},"excerpt":{"rendered":"<p>Contin\u00faa entrenamiento de nadadora guantanamera en Tailandia Sports Health Resort es un centro deportivo de alto nivel situado en la ciudad de Phuket en Thanyapura, Thailandia, donde gracias al respaldo a los talentos, la Federaci\u00f3n Internacional de Nataci\u00f3n (FINA), le concede una beca por seis meses a la nadadora cubana Elisbeth G\u00e1mez Matos. La joven [&hellip;]<\/p>\n","protected":false},"author":1,"featured_media":0,"parent":0,"menu_order":0,"comment_status":"closed","ping_status":"closed","template":"","meta":{"footnotes":""},"class_list":["post-317","page","type-page","status-publish","hentry"],"_links":{"self":[{"href":"https:\/\/www.radioguantanamo.icrt.cu\/english\/wp-json\/wp\/v2\/pages\/317","targetHints":{"allow":["GET"]}}],"collection":[{"href":"https:\/\/www.radioguantanamo.icrt.cu\/english\/wp-json\/wp\/v2\/pages"}],"about":[{"href":"https:\/\/www.radioguantanamo.icrt.cu\/english\/wp-json\/wp\/v2\/types\/page"}],"author":[{"embeddable":true,"href":"https:\/\/www.radioguantanamo.icrt.cu\/english\/wp-json\/wp\/v2\/users\/1"}],"replies":[{"embeddable":true,"href":"https:\/\/www.radioguantanamo.icrt.cu\/english\/wp-json\/wp\/v2\/comments?post=317"}],"version-history":[{"count":6,"href":"https:\/\/www.radioguantanamo.icrt.cu\/english\/wp-json\/wp\/v2\/pages\/317\/revisions"}],"predecessor-version":[{"id":842,"href":"https:\/\/www.radioguantanamo.icrt.cu\/english\/wp-json\/wp\/v2\/pages\/317\/revisions\/842"}],"wp:attachment":[{"href":"https:\/\/www.radioguantanamo.icrt.cu\/english\/wp-json\/wp\/v2\/media?parent=317"}],"curies":[{"name":"wp","href":"https:\/\/api.w.org\/{rel}","templated":true}]}}